ate x(t).
1
Let y(h) = -h**3 - 42*h**2 + 134*h - 60. Let c be y(-45). Let n(u) = -u - 25. Calculate n(c).
-10
Suppose -4*n + 5 = -7. Suppose -5*p = -p + 5*q + 12, -n*q = 4*p + 20. Let a(t) be the second derivative of -t**4/12 - 5*t**3/3 - 11*t**2/2 - t. Calculate a(p).
5
Let o(b) = -24 + 19*b + 23*b - 45*b. What is o(-11)?
9
Let p(i) = -2 + 1 + 0*i + 2*i. Suppose 2*c = -108 - 40. Let b = 75 + c. Calculate p(b).
1
Let a(l) = l**3 - 3*l**2 - l + 2. Suppose -90 = -5*y - 3*i, -2*y + 12 = -i - 24. Suppose -3*v = -4*c - 8*v, -4*c + v = -24. Suppose r + c*r = y. Determine a(r).
-1
Let b(n) = 2*n**3 - 2*n**2 - 16. Let v(j) = 10*j**3 - 11*j**2 - 79. Let z(c) = 11*b(c) - 2*v(c). Let s(i) be the first derivative of z(i). Calculate s(-2).
24
Let t(c) = -c + 2*c - 5 + 0*c. Suppose -2*m + 5 = 21*r - 18*r, 4*m = 3*r + 37. What is t(m)?
2
Let m(l) = l**3 - 6*l**2 + 7*l. Let p be 52/65 - (-5)/((-100)/(-84)). Determine m(p).
10
Suppose 6*k = 2*k - 3*o + 20, -2*k + 10 = -3*o. Let i(w) = -w**3 + 5*w**2 - 2*w + 2. Calculate i(k).
-8
Let i(q) be the first derivative of q**2/2 + 7*q + 55. Calculate i(-7).
0
Let l = 0 + -7. Let z = 7 + l. Let w(f) = 34 - f**2 - 2*f + z*f**2 - 33. Give w(-2).
1
Let v(p) = p**2 - 7*p + 8. Suppose -13*s - 48 + 126 = 0. Let r be v(s). Let t(h) = 3*h**2 - h + 2. Determine t(r).
12
Let a = -1 + 4. Suppose -c - a*g - 5 - 5 = 0, 0 = 5*c + 5*g + 10. Suppose c*p - 5*b + 7 = 4*p, 5*b = -3*p + 8. Let l(z) = -z**3 + z**2. Give l(p).
0
Let j(y) = -7*y**3 + 656*y**2 - y - 658*y**2 - 23 + 0*y**3 + 25. What is j(1)?
-8
Let y(d) = 0*d**3 + 2*d**3 + 236 - 2*d - 234 - d**2. Calculate y(2).
10
Let g = 3/140 - -8/35. Let q(i) be the second derivative of g*i**4 + 1/6*i**3 + 0 - 4*i - 1/10*i**5 - i**2. Calculate q(2).
-4
Let u(a) = -a**2 - 8*a. Let r = 0 + -8. Let g = r + 0. Let q be ((-18)/g)/((-18)/48). Determine u(q).
12
Let d = -958 - -950. Let p(a) = -8*a + 1. Let u(v) = 9*v - 2. Let q(k) = -7*p(k) - 6*u(k). Give q(d).
-11
Let f be -7 + 6/30 + 120/25. Let i(b) = 3*b + 3. What is i(f)?
-3
Let t be (10/(-5) - -7) + -4. Let j(k) = 3 - t + 3 + 2*k. Give j(-4).
-3
Let y = -15 - -21. Let i(f) = -7*f**2 - 26*f - 8. Let z(r) = -3*r**2 - 12*r - 3. Let a(x) = -4*i(x) + 9*z(x). Calculate a(y).
17
Let c = -7 - -1. Let o(x) be the third derivative of -x**7/2520 - x**6/120 + x**5/30 - 7*x**4/8 - 3*x**2. Let n(g) be the second derivative of o(g). Give n(c).
4
Let l = -2456 - -2450. Let w(p) = 4*p + 3. Determine w(l).
-21
Let x = 12 - 7. Let c(z) = z**3 - 37 - 4*z + 6*z**2 + 34 - 2*z**3. Calculate c(x).
2
Let k(w) = 2*w. Let d be (-4)/(-16) + 18/24. Suppose -6*o - 5 - d = 0. Let c be 1 + o - (0 - 1). Calculate k(c).
2
Suppose 3*q + 13 = -4*i - 1, 0 = 3*q - 2*i + 20. Let r be (3/q)/((-1)/4). Let m(c) be the first derivative of 3*c**2 - 3*c - 1. Calculate m(r).
9
Suppose -j - 20 = 4*j, 0 = -3*y - 4*j - 10. Suppose -4*h = 5*a + 12, y*a - a - 6 = -5*h. Let z(r) = r**2 + 4*r + 1. What is z(a)?
1
Let m = -270 + 276. Let o(z) = z**3 - 6*z**2 + 3*z - 9. What is o(m)?
9
Suppose 0 = -5*w - 3*s + 1 - 48, -9 = -w + 4*s. Let k(r) = r**2 + 8*r + 2. Calculate k(w).
-5
Let w(l) = 28*l**3 + 10*l**2 - 11*l - 10. Let c(h) = 11*h**3 + 5*h**2 - 5*h - 5. Let j(i) = 5*c(i) - 2*w(i). Let x = 4 - 0. Give j(x).
-1
Suppose -30*g = -35*g + 20. Suppose 3*l = -g - 14. Let m(j) = j**2 + 5*j - 6. What is m(l)?
0
Let z be -4*((-1 - -2) + -2). Let a(y) = -2*y + 6. Determine a(z).
-2
Let p(d) be the first derivative of 2 + d**2 - 1/4*d**4 - d - 2*d**3. What is p(-6)?
-13
Suppose 3*n - 4*v - 18 = n, -3*n - 18 = 3*v. Let x(r) = -31*r + 14*r + r. Determine x(n).
16
Suppose 0 = 4*j + 2*v - 30, 1 = -2*j + v + 6. Let h(r) = -4*r**2 + 8*r - 3. Let d(p) = 3*p**2 - 7*p + 3. Let n(k) = j*d(k) + 4*h(k). Calculate n(3).
-15
Suppose -4*q + 0*q + 10 = 3*j, -3*j + 4*q - 22 = 0. Let z(p) = -p - 3. Let x(v) = 1. Let s(m) = 2*x(m) + z(m). Determine s(j).
1
Let t(w) be the third derivative of w**9/60480 - w**8/5040 + w**7/5040 + w**6/360 - 7*w**5/60 + 8*w**2. Let c(x) be the third derivative of t(x). Give c(4).
6
Let g(l) = -l**2 - l + 3. Let q(t) = -4*t - 21. Let d be q(-8). Let o(v) = 0*v - 7*v + d*v - 4 - 2*v. Let c(h) = -3*g(h) - 2*o(h). What is c(-1)?
3
Suppose -43 + 151 = -27*a. Let o(i) = i**3 + 4*i**2 - 2*i + 2. What is o(a)?
10
Let o = 8 - 5. Suppose 3*z - 15 = -3*c, -c = -3*z + 2*z + o. Let p(r) = 0*r + c - 3*r - 2*r. Determine p(1).
-4
Suppose -3*l - 39 = -3*g, 0 - 3 = l. Suppose -13*o + g*o + 6 = 0. Let b(a) = 2*a**2 + a. Determine b(o).
10
Let j = -57 - 49. Let a = j - -104. Let c(t) = 4*t. Calculate c(a).
-8
Let u(s) = -9*s**2 - 2*s - 1. Suppose -109 = -5*a - 119, 4*a + 5 = 3*x. Determine u(x).
-8
Let h(t) = t + 6. Suppose 0 = -o - 10 + 8. Let s(l) = 3*l + 1. Let u be s(o). Determine h(u).
1
Let s(t) be the first derivative of t**4/4 - t**3 + 2*t**2 - 3*t + 58. Give s(2).
1
Let d be 2/(-2 - -3) + (-12)/2. Let v(c) = -3*c - 10. What is v(d)?
2
Let i(m) = 3*m**2 - 9*m - 10. Let s(x) = -2*x**2 + 8*x + 9. Let d(f) = -3*i(f) - 4*s(f). Let v = -69 - -64. What is d(v)?
-6
Let h(w) be the first derivative of w**3/3 + w**2/2 - 10*w + 6. Suppose -3*u + 13 = 1. Let d = u + -4. What is h(d)?
-10
Let m(r) = -49*r + 12*r - 3 - r**2 + 21*r + 10*r + 10*r. Suppose -3*c + 4*q = -25, c + 5*q + 17 + 0 = 0. Suppose -c*z = -5*z + 12. Determine m(z).
-15
Let f be ((-6)/(-5))/((-2)/(-20)). Let y = f - 9. Let v be (1*y)/(3/(-2)). Let l(q) = 3*q**2 - 2*q - 3. What is l(v)?
13
Let z be 3/(-5) - (-90)/25. Let b(x) = 0*x + 1 - 8*x**2 - 10 - 3*x**3 - z*x + 4*x. Let r(k) = k**3 + 4*k**2 - k + 4. Let j(d) = 2*b(d) + 5*r(d). What is j(4)?
-10
Let c(o) = -12*o + 135. Let d be c(11). Let g(w) = 18*w + 3. What is g(d)?
57
Let i(x) be the third derivative of 0*x**3 + 1/24*x**4 - 2*x**2 + 0*x + 0. Let s = -62 + 60. Calculate i(s).
-2
Let d(t) = -t**2 - 5*t. Let r be d(-6). Let v(w) = -w - 11. Let f be v(r). Let y = f - -6. Let k(c) = -7*c**3 + c**2 - 1. Give k(y).
-7
Let u be (-351)/(-78)*(-8)/(-18). Let q(f) = f**3 - 3*f**2 + 3. Calculate q(u).
-1
Suppose -a = -k - 2*k + 16, -3*k = -5*a + 4. Let t(n) = -n**2 + 9*n - 16. Determine t(k).
-2
Suppose -38*l + 18*l = -120. Let x(f) = f**2 - 5*f - 1. Give x(l).
5
Let b(a) be the third derivative of -a**6/40 - 11*a**4/24 - 13*a**2. Let w(z) be the second derivative of b(z). Determine w(-1).
18
Let v(p) = 4*p + 5*p**3 - 6*p**3 - 17*p**2 + 12*p - 8 - 24. Let m be v(-18). Let c(x) = x. Calculate c(m).
4
Let b(t) = 12 + 40*t - 1 - 39*t. Let h be b(-8). Let u(p) = p**3 + 7*p**2 - 8*p**2 - 7*p + 3*p - 6 + 5. Determine u(h).
5
Let u(a) = 18*a + 1058. Let r be u(-58). Let h(c) = c**3 - 13*c**2 - 14*c + 14. Give h(r).
14
Let f(g) = g + 2. Let w be 2 - (4/(-10) + (-8)/5). Calculate f(w).
6
Suppose -w + 0 = -3. Let h(b) = 2*b**3 + 2*b**2 - 8 - 7*b**2 - b**w - 5*b. Let q = -3 - -9. Give h(q).
-2
Let r(u) = 4*u**2 - u**2 - 2*u**2 - 11736*u + 8 + 11729*u. Give r(3).
-4
Let g(u) = -4 + 4 - 2*u. Suppose m + 10 = 6*m. Suppose 0 = -3*q - 2*k - 11, -m*q - k = 2*q + 13. Determine g(q).
6
Let k be -1 - -1 - (-5 - -4). Let p(w) = 2*w - 8*w - k + 7*w. Suppose 4*s = -4*z - 12, -5*z - 1 = 4*s - 6*s. Determine p(z).
-2
Let p(b) = b**3 - 14*b**2 + 14*b - 11. Let d be p(13). Let j(m) = -3*m + 0*m + 2 - 4. Determine j(d).
-8
Let b(l) = -4*l + 5 - l + 3*l. Let a be (-1 + -2)/(6/(-18)). Suppose -29 + a = -5*u. Calculate b(u).
-3
Let n(p) = 4*p - 4. Let t = -208 + 205. Calculate n(t).
-16
Suppose 5*f = 52 - 22. Let z(t) = 3*t**2 + 20 + t**2 - 14 - 3*t**2 + f*t. Let o = -3 + -3. Give z(o).
6
Let f(j) = -j - 6. Let s be f(-8). Suppose s*o + 5*r + 12 = -0*r, -r = 4*o + 6. Let y be (-1 - (-2 - 1)) + o. Let q(x) = 7*x**3 - 2*x**2 + x. Determine q(y).
6
Suppose 0 = -3*c - 5*w + w + 136, -5*c + 3*w = -217. Let m = 33 - c. Let g(a) = a**3 + 12*a**2 + 12*a + 7. What is g(m)?
-4
Let o(y) = 222*y + 3. Let q(g) = 52*g + 1. Let m(d) = 4*o(d) - 17*q(d). What is m(4)?
11
Let w be (-4)/(-24)*0 + (6 - 1). Let s(g) = g**3 - 4*g**2 - 6*g - 3. What is s(w)?
-8
Let y(a) = -a. Let b(v) = 2*v**2 + v + 9. Let i be b(0). Suppose -8*t + i = -11*t. What is y(t)?
3
Let h(a) be the third derivative of -a**5/60 + a**4/3 - a**3/6 - 73*a**2 + 2. Let m(d) = d**2 + 3*d + 3. Let t be m(-4). Calculate h(t).
6
Let s(b) = -1 - 3*b + 39*b - 12*b - 6*b - 9*b + b**3 +